Let b(g) = g**2 + 12*g + 13. What are the prime factors of b(j)?
13
Suppose -46027 - 48106 = -13*i. What are the prime factors of i?
13, 557
What are the prime factors of (105092/(-688))/((-2)/232)?
13, 29, 47
Let x be 290/70 - (-3)/(-21). Suppose -x*f - 5*j + 1617 = 0, 2*j - 405 = -f - 0*f. List the prime factors of f.
13, 31
Let s be (-23 + -3)/(1/2). Let n = s + 54. Suppose q = -0*q - 4*t + 69, -n*q + 123 = 5*t. List the prime factors of q.
7
Let a = -68 - -122. Let t = a + -72. What are the prime factors of (-446)/t - (-12)/54?
5
List the prime factors of (1400/84)/((-6)/(-2637)).
5, 293
Let r(g) = 4*g + 12. Let w be r(-2). Suppose -y + 6*y - 3*f - 850 = 0, 2*y + w*f = 314. List the prime factors of y.
167
Let p = -268 + 224. Let q = 214 - 79. Let h = q + p. List the prime factors of h.
7, 13
Suppose -8*m + 51303 = -339030 - 11971. What are the prime factors of m?
2, 7, 449
Let c = 35388 + -22563. What are the prime factors of c?
3, 5, 19
Let o(h) = -2*h**2 + 33*h + 58. Let u be o(18). Let v(s) = 175*s - 1. What are the prime factors of v(u)?
3, 233
Suppose -24 - 2 = -13*b. Let f(m) = -m**3 + 2*m**2 + m + 3. Let u be f(b). Suppose u*a - 132 = 13. What are the prime factors of a?
29
Let h(k) = 10*k**2 + 83*k - 86. What are the prime factors of h(-26)?
2, 1129
Suppose 465 = 2*q + 457. Suppose -t = -2*w + 1075, -q*w + 2144 = -6*t + 2*t. List the prime factors of w.
7, 11
Let b be ((-84)/(-18))/(2/(-9)). Let y be 30/8*(-56)/b. List the prime factors of 388/y*20/8.
97
Let l = -189 - -309. Let m be ((-23)/69)/((-2)/2100). Suppose -10*r = -m - l. List the prime factors of r.
47
Let x(o) = -o - 11. Let v be x(-15). Suppose -5*h = -v*w - 82, -w = -5 + 3. List the prime factors of -3*((-358)/30 + h/30).
2, 17
Suppose -5*y + 65710 = -5*m + 4*m, 0 = y - 6*m - 13113. What are the prime factors of y?
3, 13, 337
Suppose -1886 = -11*j + 64444. Suppose -95*r = -90*r - j. List the prime factors of r.
2, 3, 67
Let s(i) be the third derivative of i**5/20 + 5*i**4/12 + 2*i**3/3 - 83*i**2. What are the prime factors of s(8)?
2, 3, 23
Suppose 4*a - 20 = 0, -5*a + 5 = 5*d - 0*a. What are the prime factors of -6 + 3 + (-940)/d?
2, 29
Let a be 3727/5 + 7/((-175)/10). Suppose -9*k + a + 2108 = 0. Suppose 3*i = k - 56. List the prime factors of i.
3, 29
Let p = 1 - -1. Suppose 33213*x = 33217*x - 776. Suppose p*q - 48 = x. What are the prime factors of q?
11
Let x(o) = -8*o**2 + 7*o - 12. Let a be x(3). Let t = 71 - a. Let c = -30 + t. What are the prime factors of c?
2, 13
Let z be 4/(-48)*3 + 27/12. Suppose -5*h + 2323 = 3*j - 2984, -z*h + 3*j + 2106 = 0. What are the prime factors of h?
3, 353
Let u be 26/(-39) - 872/6. Let s = -57 - u. Let d = 2 + s. List the prime factors of d.
7, 13
Suppose -2*z - 3*r + 291 = 996, 3*r - 1035 = 3*z. Let b = z + 598. List the prime factors of b.
2, 5
Suppose -5*b + 2*b + 132 = 3*v, 3*b = v - 48. Let m(u) = -u + v*u**3 + 0*u - 44*u**2 + 46*u**2. List the prime factors of m(1).
2, 23
Let n = 22783 + -13661. What are the prime factors of n?
2, 4561
What are the prime factors of -167 - -169 - (1 - 40527)?
2, 17, 149
Suppose 0 = -f + 4*f + 84. Let i = f + 31. Suppose -94 = -5*p + i*p. What are the prime factors of p?
47
Suppose l = 2, -2*q - 19*l = -20*l - 4294. Suppose 2*u - 2*i - q = 0, -1732 - 2582 = -4*u - 5*i. List the prime factors of u.
2, 269
Let h = 4588 - -1548. What are the prime factors of h?
2, 13, 59
What are the prime factors of 45*((-4028)/(-20) + 12/(-3))?
3, 7, 47
Let s = 16 + -17. Let x = -80 - s. Let b = -26 - x. What are the prime factors of b?
53
Suppose -12*l - 37560 = -124392. List the prime factors of l.
2, 3, 67
Suppose 35*w - 24*w - 314974 = 0. What are the prime factors of w?
2, 103, 139
Let n = -47 + 51. Suppose 23 = -4*c + b, -n*b + 1 - 5 = 0. List the prime factors of 77/(-14) - c - (-41)/2.
3, 7
Let x(j) = j**2 + 123*j - 744. List the prime factors of x(107).
2, 11933
Let u = 91778 + -20900. What are the prime factors of u?
2, 3, 11813
Suppose 3*f - 6*f - 233 = -2*x, f = 4*x - 461. Suppose -5*k - 2*d + x = 0, 2*k - 11 = -2*d + 35. Suppose -17 = -u + k. List the prime factors of u.
2, 5
What are the prime factors of -10 + 1 + 21 + 5356?
2, 11, 61
Let r(l) = -l**2 + 20*l + 28. Let d be r(21). Let k(m) = -m + 10. Let u be k(d). List the prime factors of (-1626)/(-48) - u/(-24).
2, 17
Suppose a - 91 - 168 = 0. Let n = a + 58. List the prime factors of n.
317
Let c = 1101 - 745. Let k = 27 - 24. Suppose -4*z - 4*u + c = 0, 0 = -0*z + k*z - 3*u - 273. What are the prime factors of z?
2, 3, 5
Suppose -3*g - 3*g + 174 = 0. Suppose -2*n + v + g = 0, v - 2*v - 61 = -4*n. What are the prime factors of n?
2
Suppose -12132 = -2*o - 4*j, -6*j = -3*o - 10*j + 18210. What are the prime factors of o?
2, 3, 1013
Let r = -9481 - -16666. What are the prime factors of r?
3, 5, 479
Suppose 0 = 2*c - 10, -2*b + 173*c = 168*c - 18437. What are the prime factors of b?
3, 17, 181
Suppose -60 = 2*p + 7*f - 9*f, -4*f = 2*p + 48. List the prime factors of (-82)/(-2)*(-27 - p).
41
Let g(h) = -72*h + 5. Let i be g(-4). Suppose -4*a + 11*m = 14*m - 9, 5*m - 15 = -4*a. Suppose 0 = -4*d + 6 - 10, a = 3*t + d - i. List the prime factors of t.
2, 7
Let q = 78503 - 48234. What are the prime factors of q?
30269
Suppose 3*n - 34 = -2*u, 10*n - 5*n + 4*u - 54 = 0. Let l(m) = 2*m**3 - 24*m**2 - 43*m + 17. List the prime factors of l(n).
199
Let h = 11238 - -26986. What are the prime factors of h?
2, 2389
Let w = 120 - 89. Suppose -5*g = 2*v + w, -4*g + 3*g - v = 8. What are the prime factors of (15/(-1))/g - -173?
2, 11
Suppose -g - 4*l = -27, -5*g + 7*l + 43 = 4*l. Let f(t) = 33*t - 91. List the prime factors of f(g).
2, 17
Suppose u - 4 = 5*u, 0 = 4*t - 5*u + 51. Let g(z) = -2*z**3 - 22*z**2 - 33*z - 11. What are the prime factors of g(t)?
1627
Suppose 82*r = -55*r + 1249958 + 110863. What are the prime factors of r?
3, 7, 11, 43
Suppose -4*j = o - 21, -o - 11*j = -9*j - 27. Let g(n) = 74*n - 377. What are the prime factors of g(o)?
5, 7, 59
List the prime factors of 10685*(-34)/(-102)*3/5.
2137
Let r(t) = 11*t**3 + 8*t - 7. Let v be r(1). Suppose -4*g = -v, 0*g - 2*g = -5*j + 384. List the prime factors of j.
2, 3, 13
Suppose 0 = -45*a + 3606 + 939. Let g(z) = -z**3 + 9*z**2 - 3*z - 4. Let w be g(4). Let i = a - w. List the prime factors of i.
37
Let i be (-4)/2 - (-1218 - -2) - 5. Let w = i + -585. What are the prime factors of w?
2, 3, 13
Suppose -9*z + 10*z + 164 = 0. List the prime factors of -3 - z/28 - 3/(-21).
3
Suppose -50*j + 1753787 = -1856694 + 289081. What are the prime factors of j?
2, 16607
Let q(p) be the first derivative of -p**4/4 + 11*p**3/3 + 9*p**2 - 22*p - 6. Let l be q(11). Suppose 12*n = 16*n - l. List the prime factors of n.
2, 11
Suppose -41*i = -524080 - 557049. What are the prime factors of i?
7, 3767
Suppose 4*l - v + 105 = 3*l, 417 = -4*l + 5*v. Let m = l - -174. What are the prime factors of 652/5 + m/110?
131
Let h = 27028 - 15771. List the prime factors of h.
11257
Suppose -4*a = 3*b - 3816, b + 501 = 3*a - 2348. Suppose -29*w + 7099 - a = 0. What are the prime factors of w?
2, 53
Let s = -25847 + 41265. What are the prime factors of s?
2, 13, 593
What are the prime factors of ((-6)/13)/(196/(-1338974))?
3, 1051
Let s(m) = -m**3 - 32*m**2 + 26*m + 1. List the prime factors of s(-45).
2, 19, 331
Let n(p) = p - 12. Let x be n(12). Let k be (-26)/(-13)*(x + 1). Suppose 0 = 2*y + 11 - 1, 0 = -k*z - 3*y + 173. What are the prime factors of z?
2, 47
Suppose 1174 = -14*i - 4048. Let l = 893 + i. List the prime factors of l.
2, 5, 13
Let j(n) = -18*n + 12. Let m be j(1). List the prime factors of 549/18 + m + (-2)/(-4).
5
Suppose -18816 = 5*p - 3*l, p + 0*l + 3754 = -4*l. Let k = -2372 - p. Suppose 6*m = k - 238. List the prime factors of m.
2, 3
Suppose -319 = 4*x - 4*u + 333, -5*x - 2*u = 850. Let w(f) = -f**2 - 35*f + 28. Let o be w(-17). Let d = x + o. List the prime factors of d.
2, 83
Suppose -4*j - 5 = -i, 3*i - 12 = 2*j + 23. Suppose 0 = -i*l + 974 + 6605. List the prime factors of l.
11, 53
Suppose 14*v - 240 = 8*v. What are the prime factors of (-57000)/v*(-4)/10?
2, 3, 5, 19
List the prime factors of ((-410)/1025)/(2/(2 + -105552)).
2, 5, 2111
Suppose 2*v = -2*c + 344, -1169 + 349 = -5*c + 5*v. Suppos